te number?
False
Let n be ((-4)/5)/((-5)/(-1775)). Let y = 501 + n. Is y composite?
True
Let g = 552 + -1. Is g a prime number?
False
Let n(m) = -554*m**3 - m**2 - 4*m - 10. Is n(-3) composite?
False
Suppose 0 = -18*k + 77*k - 2404309. Is k a prime number?
True
Is (-27)/(-6)*(-4882)/(-3) a prime number?
False
Let z = 24 - 56. Is z/(-8) - (-819 - -2) a composite number?
False
Suppose -1489048 = -101*j + 1439043. Is j composite?
True
Let g be -9 - -1*(-2)/(-2). Let z(f) = -9*f**3 - 2*f**2 + 1. Let y be z(1). Is y/g*(-8)/(-1) composite?
True
Let q = -163 - -166. Suppose -t + 5*a = q*t - 3579, -5*t + 4520 = 3*a. Is t composite?
True
Let z(d) = 3*d - 52. Let v be z(13). Let t = v - -106. Is t prime?
False
Is (-61686)/92*2/(-3) a prime number?
False
Suppose -2*o - 2*w + 15 + 11 = 0, -w - 27 = -4*o. Let q = 16 - o. Is (-1311)/(-12) + (-2)/q a prime number?
True
Let j = 10 - 8. Let z(o) = 2*o + 2*o**2 - o**j - 4*o. Is z(7) prime?
False
Let m be (2/4)/(1 - 9/10). Suppose -m*r + 45 = -20. Is r a composite number?
False
Let h(m) = -5*m + 3. Let w be h(6). Let f = w + 38. Suppose -2*s + f = -g - 31, -3*s = g - 53. Is s a prime number?
True
Let i = -19480 + 38223. Is i composite?
False
Suppose 0 = 3*h - 4*j - 50, -3*j = h - 4*h + 48. Let t = h + -11. Suppose -t*y - 775 = -8*y. Is y a composite number?
True
Suppose 3*q - 192 - 1506 = 0. Suppose -3*c - q = -3*l + 2*c, 743 = 4*l + 5*c. Is l a prime number?
False
Suppose 0 = -5*b - 79960 + 287135. Is b composite?
True
Suppose -y = 5*t + 4*y + 1745, -4*t + y = 1406. Let n = 28 - t. Is n a composite number?
False
Let k = -2494 - -3501. Is k a prime number?
False
Suppose 0 = 13*w - 3*w - 14020. Is w a prime number?
False
Suppose 236*a = 241*a - 1255. Is a composite?
False
Suppose -8*u = -5*u - 78. Let m = u + -23. Suppose -3 = -m*z, -c = -3*z + 11 - 45. Is c a composite number?
False
Let r(q) = 6*q**3 - 32*q**2 + 31*q - 4. Let f(a) = -a**3 + a**2 - 1. Let x(m) = -5*f(m) - r(m). Is x(24) prime?
False
Let m(h) = h**2 + 5*h - 5. Let s be m(4). Let y = s - 21. Suppose -5*g = -1245 - y. Is g composite?
False
Suppose 2*u = -s + 554, 0*s + u + 563 = s. Let t = -2 + 5. Suppose -t*i + 319 + s = 0. Is i composite?
False
Let v(g) = 5*g. Let w be v(1). Suppose w*k - 6*k = -5*p - 10, 2*k = -5*p - 10. Suppose 2*d + k*d - 116 = 0. Is d prime?
False
Let x = -65 - -97. Let r = 155 - x. Suppose k - r = 194. Is k prime?
True
Let m(u) = -u**2 - 7*u - 3. Let s be m(-6). Suppose -2*o + 1154 = y, -y - s*o - 1134 = -2*y. Suppose -a = 5*a - y. Is a a prime number?
True
Let n(d) = d**3 - d**2 + 16343. Is n(0) a prime number?
False
Let o(q) = -q**2 - 9*q - 800. Let i(p) = p + 1. Let c(j) = -6*i(j) - o(j). Is c(0) prime?
False
Let b(o) = -846*o + 109. Is b(-4) a composite number?
True
Let z be (-27)/(-9) + (1 - 0). Let y(q) = 34*q**3 + 4*q + 3. Is y(z) a composite number?
True
Suppose m + 127812 = 13*m. Is m a composite number?
False
Suppose 0 = -0*t - 25*t + 424325. Is t composite?
True
Suppose 0 = -3*n - 2*n + 1045. Let w be 6/(-14) - (417/7)/1. Let b = w + n. Is b a prime number?
True
Let h(r) = -r + 1. Let w(k) = -836*k - 6. Let x(c) = -3*h(c) + w(c). Is x(-2) a composite number?
False
Let p(n) = 2583*n - 124. Is p(5) a prime number?
True
Let o(z) = 413*z - 566. Is o(5) prime?
True
Suppose 27 = 4*d - 13. Let n be d/6 + 3/9. Suppose n*w - o = 2515, -5000 = -4*w - 3*o - o. Is w prime?
False
Suppose 5*x = -3*i + 48587, -4*i - x = 28481 - 93275. Is i a prime number?
False
Suppose -46761 = -10*n - 23*n. Is n prime?
False
Suppose -2*k + 29999 = -5*x - 26264, -3*k + 5*x = -84392. Is k prime?
False
Let a(w) = -w**3 - 13*w**2 + 3. Let t = -30 + 17. Let b be a(t). Is ((-15)/b)/((-1)/89) prime?
False
Let u(z) = 149*z - 15. Suppose 0 = -3*d - r + 9, -d + 5*r = -0*d - 19. Is u(d) prime?
False
Suppose 12 = -3*x - 9. Suppose 30*z = -9791 + 2111. Let k = x - z. Is k a prime number?
False
Let s(w) = 5*w**2 - 10*w - 1. Let p(a) = -a**3 - a - 2. Let x be p(2). Is s(x) a composite number?
False
Let u = 15 - 10. Suppose -5*y = -u*o - 4*y + 15, -o - 4*y - 18 = 0. Suppose o*x + 757 = 3*d - 490, -1242 = -3*d + 3*x. Is d a composite number?
False
Suppose -3*v + 2363 = -4*y + 39018, 0 = -y - 2*v + 9172. Is y a composite number?
True
Is ((-205289)/21)/(20/(-6) - -3) a composite number?
False
Let q = -7296 + 19185. Suppose 6*l + 3867 = q. Is l prime?
False
Suppose 0 = 6*o - 19*o + 119977. Is o prime?
False
Let s(r) = 5*r**3 - 2*r - 16. Let d be s(7). Suppose -56*m + d = -51*m. Is m prime?
True
Suppose a + 5*c = 780, 3*c + 503 + 1070 = 2*a. Is a prime?
False
Let g = 14 - 10. Suppose 2*v = -t - 8, -2*t - g = -v + 2. Is (4/t)/((-3)/813) composite?
False
Let j(a) = -a - 4. Let t be j(-4). Suppose 4420 = 5*p - 5*f, 3*p - 4425 = -2*p + 4*f. Is p + t*(-1)/(-4) a composite number?
True
Let d = 18967 + -2648. Is d prime?
True
Suppose -4*p = -s, -s - 5*p - 2 - 7 = 0. Let u(b) = -b**2 - 4*b + 5. Let y be u(s). Let x(q) = 8*q**2 + q - 2. Is x(y) composite?
True
Let v = -29 - -32. Let t be (-185)/v + (-4)/(-6). Let c = 21 - t. Is c a composite number?
True
Let d = 15 + -10. Suppose -x - 1144 = -d*x. Suppose -5*z - x = -741. Is z a prime number?
False
Let o = 2655 - 902. Is o a prime number?
True
Suppose 0 = -q + 3987 - 919. Suppose 42*j - 46*j = -q. Is j prime?
False
Let r(k) = 6*k**3 - 3*k**2 - 2*k + 3. Suppose z - 4*d + 0 + 6 = 0, -5*z = -5*d. Suppose -7*n = -z*n - 20. Is r(n) a prime number?
True
Let c(m) = 36*m**2 + 4*m + 41. Is c(-5) a composite number?
True
Let i = 210 + 1073. Is i prime?
True
Suppose -2*l = 3*w - 391, 0 = 3*l - 4*l - 4*w + 203. Is l a prime number?
True
Suppose 22*n - 25*n = -2163. Suppose 5*i = 9086 - n. Is i prime?
False
Is (2/(-3))/(130/(-351195)) a prime number?
True
Is (6 + -17)*(-1010 - 3) composite?
True
Suppose -5*l + 26 = 6. Suppose -3*q = -7*q + 8, -l*m + 2*q + 7792 = 0. Is m prime?
True
Suppose 4*x = 46*z - 45*z - 50137, -3*x = 15. Is z composite?
True
Suppose 3*o - 2*o = -3*p - 3622, 4*o + 5*p + 14481 = 0. Let h = o + 6032. Is h a prime number?
False
Is ((-2)/(-1))/(-6) - (-131252)/114 prime?
True
Let x = -722 - -295. Let c = 632 + x. Is (c/(-3))/((-9)/27) prime?
False
Let s = 4052 + -61. Is s a prime number?
False
Let o = 104 + -93. Suppose o*r = 6*r + 1645. Is r prime?
False
Let z(a) = -2*a - 3. Let b be z(-4). Suppose 6948 = 3*d - b*h, d - 334 - 1975 = 4*h. Is d prime?
False
Let f(s) = s**2 + 5*s + 7. Let l be f(-5). Suppose l*b = 3*b + 716. Is b a prime number?
True
Suppose -369*a = -358*a - 214885. Is a composite?
True
Let i = 28 + -29. Let k be (-3)/i + -5 - -505. Suppose -k = -3*y + 130. Is y a composite number?
False
Let c(r) = 791*r**2 - 24*r - 11. Is c(6) a composite number?
True
Suppose -r - 5*g = -104, 0*g - 111 = -r + 2*g. Let m = -35 + r. Let i = m + -43. Is i composite?
False
Let s(f) = 8*f**2 - 5*f - 3. Let g be 3*4*(-12)/(-18). Is s(g) prime?
False
Let f(j) = -7*j**3 - 2*j**2 + 6*j - 5. Is f(-6) composite?
False
Let i(q) = 14*q - 11. Let d(a) = a**3 - 2*a**2. Let x be d(3). Is i(x) composite?
True
Suppose 2*i - 4*f = 14, -i + 4*f = 4*i - 35. Suppose i*s - 2*a = 6*s + 6299, -4*s = -a - 25196. Is s prime?
True
Is 37 + 22065 - 10/(-2) a composite number?
True
Suppose 0 = 3*j - 3*m - 12, 3*m + 8 = j - 0*j. Let v be -1 - -8*1/j. Suppose -2*u = v*u - 745. Is u a composite number?
False
Suppose -5*h = -2*h + 3*i - 111, -5*h + 191 = -i. Is h a composite number?
True
Suppose -3*s + 181 = 2*c, -5*s + 0*s + 289 = -3*c. Suppose -57*q - 50 = -s*q. Is q prime?
False
Suppose -1688 = -3*m - m. Let s(k) = -5*k - 125. Let j be s(-25). Suppose -p - p + m = j. Is p a prime number?
True
Let r be (1 + -2 + 1 + 0)/1. Suppose -5*k - 5*l + 48 = -3032, -5*k + l + 3068 = r. Is k prime?
False
Let x(p) = p**3 - 25*p**2 - 22*p - 109. Is x(27) a prime number?
False
Let x(h) = -23 + 5*h**2 - h + 35 - 2*h - h. Let a be x(9). Suppose 4*w - 2978 = f, a = 3*w + 4*f - 1862. Is w prime?
False
Let u(n) = n**2 - 108. Let g be u(0). Let q = g + 237. Is q a composite number?
True
Let s(g) = 3*g + 40. Let u be s(-11). Let l(v) = -v - 4. Let k be l(-5). Let j = u - k. Is j composite?
True
Let c be (-435)/(-9)*306/(-2). Let k = -4886 - c. Suppose 3*f - 1502 = k. Is f a prime number?
False
Suppose f - 2*f + h - 669 = 0, 0 = -4*h - 12. Let m = 1307 + f. Is m a compo